{"id":259,"date":"2018-01-25T17:08:16","date_gmt":"2018-01-25T14:08:16","guid":{"rendered":"http:\/\/havaseyahati.com\/?page_id=259"},"modified":"2021-04-11T03:56:17","modified_gmt":"2021-04-11T00:56:17","slug":"sesli-kitap","status":"publish","type":"page","link":"https:\/\/havaseyahati.com\/index.php\/sesli-kitap\/","title":{"rendered":"SESL\u0130 K\u0130TAP"},"content":{"rendered":"<p>[vc_row full_width=&#8221;stretch_row_content_no_spaces&#8221; hide_bg_image_on_tablet=&#8221;&#8221; hide_bg_image_on_mobile=&#8221;&#8221; css=&#8221;.vc_custom_1617832677604{background-color: #f2e0c8 !important;}&#8221;][vc_column icons_position=&#8221;left&#8221;][vc_empty_space height=&#8221;2rem&#8221; hide_on_desktop=&#8221;&#8221; hide_on_notebook=&#8221;&#8221; hide_on_tablet=&#8221;&#8221; hide_on_mobile=&#8221;&#8221;][\/vc_column][\/vc_row][vc_row full_width=&#8221;stretch_row&#8221; hide_bg_image_on_tablet=&#8221;&#8221; hide_bg_image_on_mobile=&#8221;&#8221; css=&#8221;.vc_custom_1617832686070{background-color: #f2e0c8 !important;}&#8221;][vc_column icons_position=&#8221;left&#8221;][vc_single_image image=&#8221;1303&#8243; img_size=&#8221;full&#8221; alignment=&#8221;center&#8221; css_animation=&#8221;fadeIn&#8221;][vc_empty_space height=&#8221;5.4rem&#8221; hide_on_desktop=&#8221;&#8221; hide_on_notebook=&#8221;&#8221; hide_on_tablet=&#8221;&#8221; hide_on_mobile=&#8221;&#8221;]<div id=\"widget_audio_1092147916\" class=\"widget_area sc_widget_audio vc_widget_audio wpb_content_element\"><aside id=\"widget_audio_1092147916_widget\" class=\"widget widget_audio\"><h5 class=\"widget_title\">TAKD\u0130M &#8211; RECEP TAYY\u0130P ERDO\u011eAN<\/h5><div class=\"trx_addons_audio_player with_cover\" style=\"background-image:url(https:\/\/havaseyahati.com\/wp-content\/uploads\/2021\/03\/f1-802x497.png);\"><div class=\"audio_frame audio_local\"><audio class=\"wp-audio-shortcode\" id=\"audio-259-1\" preload=\"none\" style=\"width: 100%;\" controls=\"controls\"><source type=\"audio\/mpeg\" src=\"https:\/\/www.havaseyahati.com\/ses\/takdim.mp3?_=1\" \/><a href=\"https:\/\/www.havaseyahati.com\/ses\/takdim.mp3\">https:\/\/www.havaseyahati.com\/ses\/takdim.mp3<\/a><\/audio><\/div><\/div><\/aside><\/div>[vc_separator]<div id=\"widget_audio_875009762\" class=\"widget_area sc_widget_audio vc_widget_audio wpb_content_element\"><aside id=\"widget_audio_875009762_widget\" class=\"widget widget_audio\"><h5 class=\"widget_title\">G\u0130R\u0130\u015e &#8211; PROF. DR. FAHRETT\u0130N ALTUN<\/h5><div class=\"trx_addons_audio_player with_cover\" style=\"background-image:url(https:\/\/havaseyahati.com\/wp-content\/uploads\/2021\/03\/f1-802x497.png);\"><div class=\"audio_frame audio_local\"><audio class=\"wp-audio-shortcode\" id=\"audio-259-2\" preload=\"none\" style=\"width: 100%;\" controls=\"controls\"><source type=\"audio\/mpeg\" src=\"https:\/\/www.havaseyahati.com\/ses\/giris.mp3?_=2\" \/><a href=\"https:\/\/www.havaseyahati.com\/ses\/giris.mp3\">https:\/\/www.havaseyahati.com\/ses\/giris.mp3<\/a><\/audio><\/div><\/div><\/aside><\/div>[vc_separator]<div id=\"widget_audio_1484492583\" class=\"widget_area sc_widget_audio vc_widget_audio wpb_content_element\"><aside id=\"widget_audio_1484492583_widget\" class=\"widget widget_audio\"><h5 class=\"widget_title\">SAYFA (1-30)<\/h5><div class=\"trx_addons_audio_player with_cover\" style=\"background-image:url(https:\/\/havaseyahati.com\/wp-content\/uploads\/2021\/03\/f1-802x497.png);\"><div class=\"audio_frame audio_local\"><audio class=\"wp-audio-shortcode\" id=\"audio-259-3\" preload=\"none\" style=\"width: 100%;\" controls=\"controls\"><source type=\"audio\/mpeg\" src=\"https:\/\/www.havaseyahati.com\/ses\/part1.mp3?_=3\" \/><a href=\"https:\/\/www.havaseyahati.com\/ses\/part1.mp3\">https:\/\/www.havaseyahati.com\/ses\/part1.mp3<\/a><\/audio><\/div><\/div><\/aside><\/div>[vc_separator]<div id=\"widget_audio_807772081\" class=\"widget_area sc_widget_audio vc_widget_audio wpb_content_element\"><aside id=\"widget_audio_807772081_widget\" class=\"widget widget_audio\"><h5 class=\"widget_title\">SAYFA (31-48)<\/h5><div class=\"trx_addons_audio_player with_cover\" style=\"background-image:url(https:\/\/havaseyahati.com\/wp-content\/uploads\/2021\/03\/f1-802x497.png);\"><div class=\"audio_frame audio_local\"><audio class=\"wp-audio-shortcode\" id=\"audio-259-4\" preload=\"none\" style=\"width: 100%;\" controls=\"controls\"><source type=\"audio\/mpeg\" src=\"https:\/\/www.havaseyahati.com\/ses\/part2.mp3?_=4\" \/><a href=\"https:\/\/www.havaseyahati.com\/ses\/part2.mp3\">https:\/\/www.havaseyahati.com\/ses\/part2.mp3<\/a><\/audio><\/div><\/div><\/aside><\/div>[vc_separator]<div id=\"widget_audio_336203539\" class=\"widget_area sc_widget_audio vc_widget_audio wpb_content_element\"><aside id=\"widget_audio_336203539_widget\" class=\"widget widget_audio\"><h5 class=\"widget_title\">SAYFA (49-64)<\/h5><div class=\"trx_addons_audio_player with_cover\" style=\"background-image:url(https:\/\/havaseyahati.com\/wp-content\/uploads\/2021\/03\/f1-802x497.png);\"><div class=\"audio_frame audio_local\"><audio class=\"wp-audio-shortcode\" id=\"audio-259-5\" preload=\"none\" style=\"width: 100%;\" controls=\"controls\"><source type=\"audio\/mpeg\" src=\"https:\/\/www.havaseyahati.com\/ses\/part3.mp3?_=5\" \/><a href=\"https:\/\/www.havaseyahati.com\/ses\/part3.mp3\">https:\/\/www.havaseyahati.com\/ses\/part3.mp3<\/a><\/audio><\/div><\/div><\/aside><\/div>[vc_separator]<div id=\"widget_audio_1758582974\" class=\"widget_area sc_widget_audio vc_widget_audio wpb_content_element\"><aside id=\"widget_audio_1758582974_widget\" class=\"widget widget_audio\"><h5 class=\"widget_title\">SAYFA (65-76)<\/h5><div class=\"trx_addons_audio_player with_cover\" style=\"background-image:url(https:\/\/havaseyahati.com\/wp-content\/uploads\/2021\/03\/f1-802x497.png);\"><div class=\"audio_frame audio_local\"><audio class=\"wp-audio-shortcode\" id=\"audio-259-6\" preload=\"none\" style=\"width: 100%;\" controls=\"controls\"><source type=\"audio\/mpeg\" src=\"https:\/\/www.havaseyahati.com\/ses\/part4.mp3?_=6\" \/><a href=\"https:\/\/www.havaseyahati.com\/ses\/part4.mp3\">https:\/\/www.havaseyahati.com\/ses\/part4.mp3<\/a><\/audio><\/div><\/div><\/aside><\/div>[vc_separator]<div id=\"widget_audio_687217524\" class=\"widget_area sc_widget_audio vc_widget_audio wpb_content_element\"><aside id=\"widget_audio_687217524_widget\" class=\"widget widget_audio\"><h5 class=\"widget_title\">SAYFA (77-100)<\/h5><div class=\"trx_addons_audio_player with_cover\" style=\"background-image:url(https:\/\/havaseyahati.com\/wp-content\/uploads\/2021\/03\/f1-802x497.png);\"><div class=\"audio_frame audio_local\"><audio class=\"wp-audio-shortcode\" id=\"audio-259-7\" preload=\"none\" style=\"width: 100%;\" controls=\"controls\"><source type=\"audio\/mpeg\" src=\"https:\/\/www.havaseyahati.com\/ses\/part5.mp3?_=7\" \/><a href=\"https:\/\/www.havaseyahati.com\/ses\/part5.mp3\">https:\/\/www.havaseyahati.com\/ses\/part5.mp3<\/a><\/audio><\/div><\/div><\/aside><\/div>[vc_separator]<div id=\"widget_audio_1896470954\" class=\"widget_area sc_widget_audio vc_widget_audio wpb_content_element\"><aside id=\"widget_audio_1896470954_widget\" class=\"widget widget_audio\"><h5 class=\"widget_title\">SAYFA (101-118)<\/h5><div class=\"trx_addons_audio_player with_cover\" style=\"background-image:url(https:\/\/havaseyahati.com\/wp-content\/uploads\/2021\/03\/f1-802x497.png);\"><div class=\"audio_frame audio_local\"><audio class=\"wp-audio-shortcode\" id=\"audio-259-8\" preload=\"none\" style=\"width: 100%;\" controls=\"controls\"><source type=\"audio\/mpeg\" src=\"https:\/\/www.havaseyahati.com\/ses\/part6.mp3?_=8\" \/><a href=\"https:\/\/www.havaseyahati.com\/ses\/part6.mp3\">https:\/\/www.havaseyahati.com\/ses\/part6.mp3<\/a><\/audio><\/div><\/div><\/aside><\/div>[vc_separator]<div id=\"widget_audio_1515268583\" class=\"widget_area sc_widget_audio vc_widget_audio wpb_content_element\"><aside id=\"widget_audio_1515268583_widget\" class=\"widget widget_audio\"><h5 class=\"widget_title\">SAYFA (119-136)<\/h5><div class=\"trx_addons_audio_player with_cover\" style=\"background-image:url(https:\/\/havaseyahati.com\/wp-content\/uploads\/2021\/03\/f1-802x497.png);\"><div class=\"audio_frame audio_local\"><audio class=\"wp-audio-shortcode\" id=\"audio-259-9\" preload=\"none\" style=\"width: 100%;\" controls=\"controls\"><source type=\"audio\/mpeg\" src=\"https:\/\/www.havaseyahati.com\/ses\/part7.mp3?_=9\" \/><a href=\"https:\/\/www.havaseyahati.com\/ses\/part7.mp3\">https:\/\/www.havaseyahati.com\/ses\/part7.mp3<\/a><\/audio><\/div><\/div><\/aside><\/div>[vc_separator]<div id=\"widget_audio_1819765876\" class=\"widget_area sc_widget_audio vc_widget_audio wpb_content_element\"><aside id=\"widget_audio_1819765876_widget\" class=\"widget widget_audio\"><h5 class=\"widget_title\">SAYFA (137-148)<\/h5><div class=\"trx_addons_audio_player with_cover\" style=\"background-image:url(https:\/\/havaseyahati.com\/wp-content\/uploads\/2021\/03\/f1-802x497.png);\"><div class=\"audio_frame audio_local\"><audio class=\"wp-audio-shortcode\" id=\"audio-259-10\" preload=\"none\" style=\"width: 100%;\" controls=\"controls\"><source type=\"audio\/mpeg\" src=\"https:\/\/www.havaseyahati.com\/ses\/part8.mp3?_=10\" \/><a href=\"https:\/\/www.havaseyahati.com\/ses\/part8.mp3\">https:\/\/www.havaseyahati.com\/ses\/part8.mp3<\/a><\/audio><\/div><\/div><\/aside><\/div>[vc_separator]<div id=\"widget_audio_172523903\" class=\"widget_area sc_widget_audio vc_widget_audio wpb_content_element\"><aside id=\"widget_audio_172523903_widget\" class=\"widget widget_audio\"><h5 class=\"widget_title\">SAYFA (149-174)<\/h5><div class=\"trx_addons_audio_player with_cover\" style=\"background-image:url(https:\/\/havaseyahati.com\/wp-content\/uploads\/2021\/03\/f1-802x497.png);\"><div class=\"audio_frame audio_local\"><audio class=\"wp-audio-shortcode\" id=\"audio-259-11\" preload=\"none\" style=\"width: 100%;\" controls=\"controls\"><source type=\"audio\/mpeg\" src=\"https:\/\/www.havaseyahati.com\/ses\/part9.mp3?_=11\" \/><a href=\"https:\/\/www.havaseyahati.com\/ses\/part9.mp3\">https:\/\/www.havaseyahati.com\/ses\/part9.mp3<\/a><\/audio><\/div><\/div><\/aside><\/div>[vc_separator]<div id=\"widget_audio_2138366073\" class=\"widget_area sc_widget_audio vc_widget_audio wpb_content_element\"><aside id=\"widget_audio_2138366073_widget\" class=\"widget widget_audio\"><h5 class=\"widget_title\">SAYFA (175-192)<\/h5><div class=\"trx_addons_audio_player with_cover\" style=\"background-image:url(https:\/\/havaseyahati.com\/wp-content\/uploads\/2021\/03\/f1-802x497.png);\"><div class=\"audio_frame audio_local\"><audio class=\"wp-audio-shortcode\" id=\"audio-259-12\" preload=\"none\" style=\"width: 100%;\" controls=\"controls\"><source type=\"audio\/mpeg\" src=\"https:\/\/www.havaseyahati.com\/ses\/part10.mp3?_=12\" \/><a href=\"https:\/\/www.havaseyahati.com\/ses\/part10.mp3\">https:\/\/www.havaseyahati.com\/ses\/part10.mp3<\/a><\/audio><\/div><\/div><\/aside><\/div>[vc_separator]<div id=\"widget_audio_388133148\" class=\"widget_area sc_widget_audio vc_widget_audio wpb_content_element\"><aside id=\"widget_audio_388133148_widget\" class=\"widget widget_audio\"><h5 class=\"widget_title\">SAYFA (193-212)<\/h5><div class=\"trx_addons_audio_player with_cover\" style=\"background-image:url(https:\/\/havaseyahati.com\/wp-content\/uploads\/2021\/03\/f1-802x497.png);\"><div class=\"audio_frame audio_local\"><audio class=\"wp-audio-shortcode\" id=\"audio-259-13\" preload=\"none\" style=\"width: 100%;\" controls=\"controls\"><source type=\"audio\/mpeg\" src=\"https:\/\/www.havaseyahati.com\/ses\/part11.mp3?_=13\" \/><a href=\"https:\/\/www.havaseyahati.com\/ses\/part11.mp3\">https:\/\/www.havaseyahati.com\/ses\/part11.mp3<\/a><\/audio><\/div><\/div><\/aside><\/div>[vc_separator]<div id=\"widget_audio_1606457606\" class=\"widget_area sc_widget_audio vc_widget_audio wpb_content_element\"><aside id=\"widget_audio_1606457606_widget\" class=\"widget widget_audio\"><h5 class=\"widget_title\">SAYFA (213-238)<\/h5><div class=\"trx_addons_audio_player with_cover\" style=\"background-image:url(https:\/\/havaseyahati.com\/wp-content\/uploads\/2021\/03\/f1-802x497.png);\"><div class=\"audio_frame audio_local\"><audio class=\"wp-audio-shortcode\" id=\"audio-259-14\" preload=\"none\" style=\"width: 100%;\" controls=\"controls\"><source type=\"audio\/mpeg\" src=\"https:\/\/www.havaseyahati.com\/ses\/part12.mp3?_=14\" \/><a href=\"https:\/\/www.havaseyahati.com\/ses\/part12.mp3\">https:\/\/www.havaseyahati.com\/ses\/part12.mp3<\/a><\/audio><\/div><\/div><\/aside><\/div>[vc_empty_space height=&#8221;2.3rem&#8221; hide_on_desktop=&#8221;&#8221; hide_on_notebook=&#8221;&#8221; hide_on_tablet=&#8221;&#8221; hide_on_mobile=&#8221;&#8221;][\/vc_column][\/vc_row]<\/p>\n","protected":false},"excerpt":{"rendered":"<p>[vc_row full_width=&#8221;stretch_row_content_no_spaces&#8221; hide_bg_image_on_tablet=&#8221;&#8221; hide_bg_image_on_mobile=&#8221;&#8221; css=&#8221;.vc_custom_1617832677604{background-color: #f2e0c8 !important;}&#8221;][vc_column icons_position=&#8221;left&#8221;][vc_empty_space height=&#8221;2rem&#8221; hide_on_desktop=&#8221;&#8221; hide_on_notebook=&#8221;&#8221; hide_on_tablet=&#8221;&#8221; hide_on_mobile=&#8221;&#8221;][\/vc_column][\/vc_row][vc_row full_width=&#8221;stretch_row&#8221; hide_bg_image_on_tablet=&#8221;&#8221; hide_bg_image_on_mobile=&#8221;&#8221; css=&#8221;.vc_custom_1617832686070{background-color: #f2e0c8 !important;}&#8221;][vc_column icons_position=&#8221;left&#8221;][vc_single_image image=&#8221;1303&#8243; img_size=&#8221;full&#8221; alignment=&#8221;center&#8221; css_animation=&#8221;fadeIn&#8221;][vc_empty_space height=&#8221;5.4rem&#8221; hide_on_desktop=&#8221;&#8221; hide_on_notebook=&#8221;&#8221; hide_on_tablet=&#8221;&#8221; hide_on_mobile=&#8221;&#8221;][vc_separator][vc_separator][vc_separator][vc_separator][vc_separator][vc_separator][vc_separator][vc_separator][vc_separator][vc_separator][vc_separator][vc_separator][vc_separator][vc_empty_space height=&#8221;2.3rem&#8221; hide_on_desktop=&#8221;&#8221; hide_on_notebook=&#8221;&#8221; hide_on_tablet=&#8221;&#8221; hide_on_mobile=&#8221;&#8221;][\/vc_column][\/vc_row]<\/p>\n","protected":false},"author":1,"featured_media":0,"parent":0,"menu_order":0,"comment_status":"closed","ping_status":"closed","template":"","meta":{"footnotes":""},"class_list":["post-259","page","type-page","status-publish","hentry"],"_links":{"self":[{"href":"https:\/\/havaseyahati.com\/index.php\/wp-json\/wp\/v2\/pages\/259","targetHints":{"allow":["GET"]}}],"collection":[{"href":"https:\/\/havaseyahati.com\/index.php\/wp-json\/wp\/v2\/pages"}],"about":[{"href":"https:\/\/havaseyahati.com\/index.php\/wp-json\/wp\/v2\/types\/page"}],"author":[{"embeddable":true,"href":"https:\/\/havaseyahati.com\/index.php\/wp-json\/wp\/v2\/users\/1"}],"replies":[{"embeddable":true,"href":"https:\/\/havaseyahati.com\/index.php\/wp-json\/wp\/v2\/comments?post=259"}],"version-history":[{"count":20,"href":"https:\/\/havaseyahati.com\/index.php\/wp-json\/wp\/v2\/pages\/259\/revisions"}],"predecessor-version":[{"id":1383,"href":"https:\/\/havaseyahati.com\/index.php\/wp-json\/wp\/v2\/pages\/259\/revisions\/1383"}],"wp:attachment":[{"href":"https:\/\/havaseyahati.com\/index.php\/wp-json\/wp\/v2\/media?parent=259"}],"curies":[{"name":"wp","href":"https:\/\/api.w.org\/{rel}","templated":true}]}}