{"id":367,"date":"2018-01-26T15:15:33","date_gmt":"2018-01-26T12:15:33","guid":{"rendered":"http:\/\/havaseyahati.com\/?page_id=367"},"modified":"2021-04-19T22:21:38","modified_gmt":"2021-04-19T19:21:38","slug":"ana-sayfa","status":"publish","type":"page","link":"https:\/\/havaseyahati.com\/","title":{"rendered":"ANA SAYFA"},"content":{"rendered":"<p>[vc_row full_width=&#8221;stretch_row_content_no_spaces&#8221;][vc_column hide_bg_image_on_tablet=&#8221;&#8221; hide_bg_image_on_mobile=&#8221;&#8221; icons_position=&#8221;left&#8221; css=&#8221;.vc_custom_1523868071853{margin-bottom: -1px !important;}&#8221;][rev_slider_vc alias=&#8221;slider-1&#8243;][\/vc_column][\/vc_row][vc_row full_width=&#8221;stretch_row&#8221; hide_bg_image_on_tablet=&#8221;1&#8243; hide_bg_image_on_mobile=&#8221;1&#8243; css=&#8221;.vc_custom_1616695878379{background: #f2e0c8 url(https:\/\/havaseyahati.com\/wp-content\/uploads\/2021\/03\/arka1-2.jpg?id=1192) !important;background-position: top left !important;background-repeat: no-repeat !important;}&#8221;][vc_column icons_position=&#8221;left&#8221;][vc_empty_space height=&#8221;8.1rem&#8221; hide_on_desktop=&#8221;&#8221; hide_on_notebook=&#8221;&#8221; hide_on_tablet=&#8221;&#8221; hide_on_mobile=&#8221;&#8221;][\/vc_column][vc_column width=&#8221;1\/2&#8243; hide_bg_image_on_tablet=&#8221;&#8221; hide_bg_image_on_mobile=&#8221;&#8221; icons_position=&#8221;left&#8221; css=&#8221;.vc_custom_1521556308493{background-size: cover !important;}&#8221;][vc_single_image image=&#8221;1182&#8243; img_size=&#8221;full&#8221;]<div class=\"sc_content_wrap sc_push_large\"><div id=\"sc_content_1532107960\"\n\t\tclass=\"sc_content color_style_default sc_content_default sc_float_center\"><div class=\"sc_content_container\">[vc_row_inner][vc_column_inner width=&#8221;1\/3&#8243; icons_position=&#8221;left&#8221;][\/vc_column_inner][vc_column_inner fix_column=&#8221;&#8221; shift_x=&#8221;tiny&#8221; icons_position=&#8221;left&#8221; offset=&#8221;vc_col-md-8&#8243;]<div id=\"widget_video_1433458574\" class=\"widget_area sc_widget_video vc_widget_video wpb_content_element\"><aside id=\"widget_video_1433458574_widget\" class=\"widget widget_video\"><div id=\"sc_video_523182664\" class=\"trx_addons_video_player with_cover hover_play\"><img loading=\"lazy\" decoding=\"async\" src=\"https:\/\/havaseyahati.com\/wp-content\/uploads\/2021\/04\/vlcsnap-2021-04-10-21h52m24s139-1278x658.png\" alt=\"\" width=\"1278\" height=\"658\"><div class=\"video_mask\"><\/div><a class=\"video_hover trx_addons_popup_link\" href=\"#sc_video_523182664_popup\"><\/a><\/div><!-- .sc_popup --><div id=\"sc_video_523182664_popup\" class=\"sc_popup\"><div id=\"sc_video_523182664_popup_player\" class=\"trx_addons_video_player without_cover\"><div class=\"video_embed video_frame\"><iframe loading=\"lazy\" title=\"Kud\u00fcs Semalar\u0131nda Bir Osman Tayyaresi - Tan\u0131t\u0131m\" width=\"1778\" height=\"1000\" src=\"https:\/\/www.youtube.com\/embed\/JNzzMJvL9dg?feature=oembed\"  allow=\"accelerometer; autoplay; clipboard-write; encrypted-media; gyroscope; picture-in-picture\" allowfullscreen><\/iframe><\/div><\/div><\/div><\/aside><\/div>[\/vc_column_inner][\/vc_row_inner]<\/div><\/div><!-- \/.sc_content --><\/div><!-- \/.sc_content_wrap -->[vc_empty_space height=&#8221;8rem&#8221; hide_on_desktop=&#8221;&#8221; hide_on_notebook=&#8221;&#8221; hide_on_tablet=&#8221;&#8221; hide_on_mobile=&#8221;1&#8243;][\/vc_column][vc_column width=&#8221;1\/2&#8243; icons_position=&#8221;left&#8221; offset=&#8221;vc_col-md-offset-1 vc_col-md-5&#8243;][vc_empty_space height=&#8221;3.3rem&#8221; hide_on_desktop=&#8221;&#8221; hide_on_notebook=&#8221;&#8221; hide_on_tablet=&#8221;&#8221; hide_on_mobile=&#8221;&#8221;]<div id=\"sc_title_301415902\"\n\t\tclass=\"sc_title color_style_default sc_title_default  vc_custom_1616623303332\"><h6 class=\"sc_item_subtitle sc_title_subtitle sc_align_left sc_item_title_style_default\">1914<\/h6><h2 class=\"sc_item_title sc_title_title sc_align_left sc_item_title_style_default\">Kud\u00fcs Semalar\u0131nda Bir Osmanl\u0131 Tayyaresi<\/h2><div class=\"sc_item_descr sc_title_descr sc_align_left\"><p>Kud\u00fcsl\u00fcler, 1914'\u00fcn ilk g\u00fcnlerinde \u0130stanbul'a bir telgraf g\u00f6nderip Osmanl\u0131 u\u00e7aklar\u0131n\u0131 Kud\u00fcs semalar\u0131nda g\u00f6rmek istediklerini bildirdiler<\/p>\n<\/div><\/div><!-- \/.sc_title -->[\/vc_column][\/vc_row][vc_row hide_bg_image_on_tablet=&#8221;1&#8243; hide_bg_image_on_mobile=&#8221;1&#8243; css=&#8221;.vc_custom_1616695580577{background-image: url(https:\/\/havaseyahati.com\/wp-content\/uploads\/2021\/03\/arka3.png?id=1190) !important;background-position: center !important;background-repeat: no-repeat !important;}&#8221;][vc_column icons_position=&#8221;left&#8221;][vc_empty_space height=&#8221;3.45rem&#8221; hide_on_desktop=&#8221;&#8221; hide_on_notebook=&#8221;&#8221; hide_on_tablet=&#8221;&#8221; hide_on_mobile=&#8221;&#8221;][\/vc_column][vc_column width=&#8221;1\/2&#8243; icons_position=&#8221;left&#8221;][vc_empty_space height=&#8221;2.5rem&#8221; hide_on_desktop=&#8221;&#8221; hide_on_notebook=&#8221;&#8221; hide_on_tablet=&#8221;&#8221; hide_on_mobile=&#8221;&#8221;]<div id=\"sc_title_1272898587\"\n\t\tclass=\"sc_title color_style_default sc_title_default  vc_custom_1616622524521\"><h3 class=\"sc_item_title sc_title_title sc_align_left sc_item_title_style_default sc_item_title_tag\">T\u00fcrk Ordusuna ilk tayyare, 1912\u2019de kat\u0131ld\u0131<\/h3><\/div><!-- \/.sc_title --><div id=\"sc_title_1905671656\"\n\t\tclass=\"sc_title color_style_default sc_title_default  vc_custom_1616622913894\"><div class=\"sc_item_descr sc_title_descr sc_align_left\"><p>Her \u015fey, 31 Aral\u0131k 1913 \u00c7ar\u015famba\u2019y\u0131 1 Ocak 1914 Per\u015fembe\u2019ye ba\u011flayan y\u0131lba\u015f\u0131 gecesini Kud\u00fcs\u2019te ge\u00e7irmek i\u00e7in Paris\u2019ten tayyare ile gelmeyi ba\u015faran Frans\u0131z pilotlar\u0131n \u015fehirde g\u00f6r\u00fcnmesiyle ba\u015flad\u0131. Frans\u0131zlar\u0131n tehlikeli bir yolculuktan sonra Kud\u00fcs\u2019e gelmelerinin simgesel bir anlam\u0131 vard\u0131. Bunun \u00fczerine Kud\u00fcsl\u00fc M\u00fcsl\u00fcmanlar\u0131n \u00f6nde gelenleri bulu\u015fup bir karara vard\u0131lar ve uygulamak i\u00e7in hemen postaneye ko\u015ftular. Kud\u00fcsl\u00fcler o g\u00fcn, ba\u015fkent \u0130stanbul\u2019a bir telgraf g\u00f6nderip, Osmanl\u0131 tayyarelerini Kud\u00fcs semalar\u0131nda g\u00f6rmek istediklerini bildirdiler.<\/p>\n<\/div><\/div><!-- \/.sc_title -->[vc_empty_space height=&#8221;2.1rem&#8221; hide_on_desktop=&#8221;&#8221; hide_on_notebook=&#8221;&#8221; hide_on_tablet=&#8221;&#8221; hide_on_mobile=&#8221;&#8221;]<div id=\"sc_title_301299723\"\n\t\tclass=\"sc_title color_style_default sc_title_default italic\"><h3 class=\"sc_item_title sc_title_title sc_align_left sc_item_title_style_default sc_item_title_tag\">``Yine u\u00e7ar m\u0131 Kud\u00fcs semalar\u0131nda T\u00fcrk Tayyareleri?``<\/h3><\/div><!-- \/.sc_title -->[vc_empty_space alter_height=&#8221;medium&#8221; hide_on_desktop=&#8221;1&#8243; hide_on_notebook=&#8221;1&#8243; hide_on_tablet=&#8221;1&#8243; hide_on_mobile=&#8221;&#8221;][\/vc_column][vc_column width=&#8221;1\/2&#8243; icons_position=&#8221;left&#8221;][vc_single_image image=&#8221;1170&#8243; img_size=&#8221;547&#215;429&#8243; alignment=&#8221;right&#8221; el_class=&#8221;image_shadow&#8221;][vc_empty_space height=&#8221;1rem&#8221; hide_on_desktop=&#8221;&#8221; hide_on_notebook=&#8221;&#8221; hide_on_tablet=&#8221;&#8221; hide_on_mobile=&#8221;&#8221;][vc_column_text]<\/p>\n<p style=\"text-align: right;\"><small><em>*Kud\u00fcs&#8217;e ba\u015far\u0131yla inen Salim ve Kemal Beyler Edremid tayyaresinin \u00f6n\u00fcnde<\/em><\/small><\/p>\n<p>[\/vc_column_text]<div class=\"sc_item_button sc_button_wrap sc_align_right\"><a href=\"https:\/\/havaseyahati.com\/index.php\/galeri\/\" id=\"sc_button_1273320175\" class=\"sc_button color_style_default sc_button_simple sc_button_size_normal sc_button_icon_left\"><span class=\"sc_button_text\"><span class=\"sc_button_title\">Galeriye Git<\/span><\/span><!-- \/.sc_button_text --><\/a><!-- \/.sc_button --><\/div><!-- \/.sc_item_button -->[\/vc_column][vc_column icons_position=&#8221;left&#8221;][vc_empty_space height=&#8221;9.6rem&#8221; hide_on_desktop=&#8221;&#8221; hide_on_notebook=&#8221;&#8221; hide_on_tablet=&#8221;&#8221; hide_on_mobile=&#8221;&#8221;][\/vc_column][\/vc_row][vc_row full_width=&#8221;stretch_row_content_no_spaces&#8221;][vc_column hide_bg_image_on_tablet=&#8221;&#8221; hide_bg_image_on_mobile=&#8221;&#8221; icons_position=&#8221;left&#8221; css=&#8221;.vc_custom_1521627361881{margin-bottom: -1px !important;}&#8221;][vc_single_image image=&#8221;477&#8243; img_size=&#8221;full&#8221;][\/vc_column][\/vc_row][vc_row full_width=&#8221;stretch_row&#8221; hide_bg_image_on_tablet=&#8221;&#8221; hide_bg_image_on_mobile=&#8221;&#8221; css=&#8221;.vc_custom_1516978326411{background-color: #e8d3b6 !important;}&#8221;][vc_column icons_position=&#8221;left&#8221; offset=&#8221;vc_col-md-offset-3 vc_col-md-6&#8243;][vc_empty_space height=&#8221;8.25rem&#8221; hide_on_desktop=&#8221;&#8221; hide_on_notebook=&#8221;&#8221; hide_on_tablet=&#8221;&#8221; hide_on_mobile=&#8221;&#8221;]<div id=\"sc_title_1976515527\"\n\t\tclass=\"sc_title color_style_default sc_title_default\"><h6 class=\"sc_item_subtitle sc_title_subtitle sc_align_center sc_item_title_style_default\">1914<\/h6><h2 class=\"sc_item_title sc_title_title sc_align_center sc_item_title_style_default\">Bundan 107 y\u0131l \u00f6nce<\/h2><div class=\"sc_item_descr sc_title_descr sc_align_center\"><p>Kud\u00fcs halk\u0131 istedi, Osmanl\u0131 tayyareleri havaland\u0131. Bu u\u011furda \u00fc\u00e7 hava \u015fehidi verildi ve Kud\u00fcs semalar\u0131nda ay y\u0131ld\u0131zl\u0131 tayyareler u\u00e7uruldu.<\/p>\n<\/div><\/div><!-- \/.sc_title -->[\/vc_column][vc_column icons_position=&#8221;left&#8221;][vc_empty_space height=&#8221;3.1rem&#8221; hide_on_desktop=&#8221;&#8221; hide_on_notebook=&#8221;&#8221; hide_on_tablet=&#8221;&#8221; hide_on_mobile=&#8221;&#8221;]<div id=\"sc_icons_748232184\" \n\tclass=\"sc_icons sc_icons_default sc_icons_size_medium sc_align_center\"><div class=\"sc_icons_columns_wrap sc_item_columns trx_addons_columns_wrap columns_padding_bottom\"><div class=\"trx_addons_column-1_5\"><div class=\"sc_icons_item sc_icons_item_linked\"><div id=\"sc_icons_748232184_icon-paper-plane-light\" class=\"sc_icons_icon sc_icon_type_ icon-paper-plane-light\"\n\t\t\t\t\t\t\t\t\t\t\t\t><span class=\"sc_icon_type_ icon-paper-plane-light\"><\/span><\/div><h4 class=\"sc_icons_item_title\"><span>8 \u015eubat 1914<\/span><\/h4><div class=\"sc_icons_item_description\"><span>Nihayet hareket i\u00e7in beklenen g\u00fcn geldi. <\/span><\/div><a href=\"#\" class=\"sc_icons_item_link\"><\/a><\/div><\/div><div class=\"trx_addons_column-1_5\"><div class=\"sc_icons_item sc_icons_item_linked\"><div id=\"sc_icons_748232184_icon-flag\" class=\"sc_icons_icon sc_icon_type_ icon-flag\"\n\t\t\t\t\t\t\t\t\t\t\t\t><span class=\"sc_icon_type_ icon-flag\"><\/span><\/div><h4 class=\"sc_icons_item_title\"><span>11 \u015eubat 1914<\/span><\/h4><div class=\"sc_icons_item_description\"><span>Toroslar\u0131n Tepesinde Karlara De\u011fdiler<\/span><\/div><a href=\"#\" class=\"sc_icons_item_link\"><\/a><\/div><\/div><div class=\"trx_addons_column-1_5\"><div class=\"sc_icons_item sc_icons_item_linked\"><div id=\"sc_icons_748232184_icon-map\" class=\"sc_icons_icon sc_icon_type_ icon-map\"\n\t\t\t\t\t\t\t\t\t\t\t\t><span class=\"sc_icon_type_ icon-map\"><\/span><\/div><h4 class=\"sc_icons_item_title\"><span>27 \u015eubat 1914<\/span><\/h4><div class=\"sc_icons_item_description\"><span>Kud\u00fcs i\u00e7in havalanan tayyare, Taberiye civar\u0131nda d\u00fc\u015ft\u00fc ve Fethi ile Sad\u0131k Beyler \u015fehit oldu.<\/span><\/div><a href=\"#\" class=\"sc_icons_item_link\"><\/a><\/div><\/div><div class=\"trx_addons_column-1_5\"><div class=\"sc_icons_item sc_icons_item_linked\"><div id=\"sc_icons_748232184_icon-spin4\" class=\"sc_icons_icon sc_icon_type_ icon-spin4\"\n\t\t\t\t\t\t\t\t\t\t\t\t><span class=\"sc_icon_type_ icon-spin4\"><\/span><\/div><h4 class=\"sc_icons_item_title\"><span>11 Mart 1914<\/span><\/h4><div class=\"sc_icons_item_description\"><span>Tayyare sahilden hen\u00fcz 100 metre mesafede iken d\u00fc\u015ft\u00fc.<\/span><\/div><a href=\"#\" class=\"sc_icons_item_link\"><\/a><\/div><\/div><div class=\"trx_addons_column-1_5\"><div class=\"sc_icons_item sc_icons_item_linked\"><div id=\"sc_icons_748232184_icon-checkbox\" class=\"sc_icons_icon sc_icon_type_ icon-checkbox\"\n\t\t\t\t\t\t\t\t\t\t\t\t><span class=\"sc_icon_type_ icon-checkbox\"><\/span><\/div><h4 class=\"sc_icons_item_title\"><span>1 May\u0131s 1914<\/span><\/h4><div class=\"sc_icons_item_description\"><span>Salim ve Kemal Beyler Kud\u00fcs'e ula\u015ft\u0131.<\/span><\/div><a href=\"#\" class=\"sc_icons_item_link\"><\/a><\/div><\/div><\/div><\/div><!-- \/.sc_icons -->[vc_empty_space height=&#8221;1.2em&#8221; hide_on_desktop=&#8221;&#8221; hide_on_notebook=&#8221;&#8221; hide_on_tablet=&#8221;&#8221; hide_on_mobile=&#8221;&#8221;]<div class=\"sc_item_button sc_button_wrap sc_align_center\"><a href=\"https:\/\/havaseyahati.com\/index.php\/rota\/\" id=\"sc_button_894707842\" class=\"sc_button color_style_default sc_button_default sc_button_size_normal sc_button_icon_left\"><span class=\"sc_button_text\"><span class=\"sc_button_title\">T\u00dcM ROTAYI G\u00d6R<\/span><\/span><!-- \/.sc_button_text --><\/a><!-- \/.sc_button --><\/div><!-- \/.sc_item_button -->[vc_empty_space height=&#8221;7.8rem&#8221; hide_on_desktop=&#8221;&#8221; hide_on_notebook=&#8221;&#8221; hide_on_tablet=&#8221;&#8221; hide_on_mobile=&#8221;&#8221;][\/vc_column][\/vc_row][vc_row full_width=&#8221;stretch_row_content_no_spaces&#8221; scheme=&#8221;dark&#8221; hide_bg_image_on_tablet=&#8221;1&#8243; hide_bg_image_on_mobile=&#8221;1&#8243; shape_divider_top_front=&#8221;&#8221; shape_divider_bottom_front=&#8221;&#8221; row_delimiter=&#8221;&#8221; hide_on_desktop=&#8221;&#8221; hide_on_notebook=&#8221;&#8221; hide_on_tablet=&#8221;&#8221; hide_on_mobile=&#8221;&#8221; hide_on_frontpage=&#8221;&#8221; css=&#8221;.vc_custom_1616696552951{background: #070301 url(https:\/\/havaseyahati.com\/wp-content\/uploads\/2021\/03\/arka4.jpg?id=1194) !important;background-position: center left !important;background-repeat: no-repeat !important;background-size: cover !important;}&#8221; el_class=&#8221;sc_layouts_620&#8243;][vc_column hide_bg_image_on_tablet=&#8221;&#8221; hide_bg_image_on_mobile=&#8221;&#8221; icons_position=&#8221;left&#8221; css=&#8221;.vc_custom_1521629256588{margin-top: -1px !important;}&#8221;][vc_single_image image=&#8221;490&#8243; img_size=&#8221;full&#8221;][vc_empty_space alter_height=&#8221;large&#8221; hide_on_desktop=&#8221;&#8221; hide_on_notebook=&#8221;&#8221; hide_on_tablet=&#8221;&#8221; hide_on_mobile=&#8221;&#8221; css=&#8221;.vc_custom_1521637980360{margin-bottom: 3rem !important;}&#8221;][\/vc_column][vc_column width=&#8221;5\/6&#8243; icons_position=&#8221;left&#8221; offset=&#8221;vc_col-md-offset-6 vc_col-md-6 vc_col-sm-offset-1 vc_col-xs-offset-1 vc_col-xs-10&#8243;]<div id=\"sc_content_1971173812\"\n\t\tclass=\"sc_content color_style_default sc_content_default sc_content_width_1_2 sc_float_left sc_shift_x_small\"><div class=\"sc_content_container\"><div id=\"sc_title_1173783977\"\n\t\tclass=\"sc_title color_style_default sc_title_default  vc_custom_1618104781818\"><h6 class=\"sc_item_subtitle sc_title_subtitle sc_align_left sc_item_title_style_default\">1914<\/h6><h2 class=\"sc_item_title sc_title_title sc_align_left sc_item_title_style_default\">YILLARCA BEKLENEN SEVG\u0130L\u0130 G\u0130B\u0130YD\u0130LER<\/h2><div class=\"sc_item_descr sc_title_descr sc_align_left\"><p>Ne zaman pilotlar, Kud\u00fcs sokaklar\u0131na \u00e7\u0131ksa, bir co\u015fku dalgas\u0131 ve insan seli her taraf\u0131 kapl\u0131yordu.<\/p>\n<\/div><\/div><!-- \/.sc_title --><\/div><\/div><!-- \/.sc_content -->[\/vc_column][vc_column hide_bg_image_on_tablet=&#8221;&#8221; hide_bg_image_on_mobile=&#8221;&#8221; icons_position=&#8221;left&#8221; css=&#8221;.vc_custom_1521629261162{margin-bottom: -1px !important;}&#8221;][vc_empty_space alter_height=&#8221;large&#8221; hide_on_desktop=&#8221;&#8221; hide_on_notebook=&#8221;&#8221; hide_on_tablet=&#8221;&#8221; hide_on_mobile=&#8221;&#8221; css=&#8221;.vc_custom_1521638240000{margin-bottom: 1.9rem !important;}&#8221;][vc_single_image image=&#8221;1200&#8243; img_size=&#8221;full&#8221;][\/vc_column][\/vc_row][vc_row full_width=&#8221;stretch_row&#8221; disable_element=&#8221;yes&#8221; scheme=&#8221;dark&#8221; hide_bg_image_on_tablet=&#8221;&#8221; hide_bg_image_on_mobile=&#8221;&#8221; css=&#8221;.vc_custom_1616701215641{background: #bd8d51 url(https:\/\/havaseyahati.com\/wp-content\/uploads\/2018\/01\/bw-1.jpg?id=628) !important;background-position: top left !important;background-repeat: no-repeat !important;background-size: cover !important;}&#8221;][vc_column icons_position=&#8221;left&#8221; offset=&#8221;vc_col-md-offset-3 vc_col-md-6&#8243;][vc_empty_space height=&#8221;4.1rem&#8221; hide_on_desktop=&#8221;&#8221; hide_on_notebook=&#8221;&#8221; hide_on_tablet=&#8221;&#8221; hide_on_mobile=&#8221;&#8221;]<div id=\"sc_title_258842141\"\n\t\tclass=\"sc_title color_style_default sc_title_default\"><h2 class=\"sc_item_title sc_title_title sc_align_center sc_item_title_style_default sc_item_title_tag\">Join Our Community<\/h2><div class=\"sc_item_descr sc_title_descr sc_align_center\"><p><script>(function() {\n\twindow.mc4wp = window.mc4wp || {\n\t\tlisteners: [],\n\t\tforms: {\n\t\t\ton: function(evt, cb) {\n\t\t\t\twindow.mc4wp.listeners.push(\n\t\t\t\t\t{\n\t\t\t\t\t\tevent   : evt,\n\t\t\t\t\t\tcallback: cb\n\t\t\t\t\t}\n\t\t\t\t);\n\t\t\t}\n\t\t}\n\t}\n})();\n<\/script><!-- Mailchimp for WordPress v4.8.3 - https:\/\/wordpress.org\/plugins\/mailchimp-for-wp\/ --><\/p>\n<form id=\"mc4wp-form-1\" class=\"mc4wp-form mc4wp-form-626\" method=\"post\" data-id=\"626\" data-name=\"Form1\" >\n<div class=\"mc4wp-form-fields\"><input type=\"email\" name=\"EMAIL\" placeholder=\"Your Email Address\" required \/><input type=\"submit\" value=\"Submit\" \/>\n<\/div>\n<p><label style=\"display: none !important;\">Leave this field empty if you're human: <input type=\"text\" name=\"_mc4wp_honeypot\" value=\"\" tabindex=\"-1\" autocomplete=\"off\" \/><\/label><input type=\"hidden\" name=\"_mc4wp_timestamp\" value=\"1778742477\" \/><input type=\"hidden\" name=\"_mc4wp_form_id\" value=\"626\" \/><input type=\"hidden\" name=\"_mc4wp_form_element_id\" value=\"mc4wp-form-1\" \/><\/p>\n<div class=\"mc4wp-response\"><\/div>\n<\/form>\n<p><!-- \/ Mailchimp for WordPress Plugin --><\/p>\n<\/div><\/div><!-- \/.sc_title -->[vc_empty_space height=&#8221;10.4rem&#8221; hide_on_desktop=&#8221;&#8221; hide_on_notebook=&#8221;&#8221; hide_on_tablet=&#8221;&#8221; hide_on_mobile=&#8221;&#8221;][\/vc_column][\/vc_row][vc_row full_width=&#8221;stretch_row&#8221; hide_bg_image_on_tablet=&#8221;&#8221; hide_bg_image_on_mobile=&#8221;&#8221; css=&#8221;.vc_custom_1617831826308{background-image: url(https:\/\/havaseyahati.com\/wp-content\/uploads\/2021\/04\/arkason.jpg?id=1299) !important;background-position: bottom right !important;background-repeat: no-repeat !important;}&#8221;][vc_column icons_position=&#8221;left&#8221;][vc_empty_space height=&#8221;8.7rem&#8221; hide_on_desktop=&#8221;&#8221; hide_on_notebook=&#8221;&#8221; hide_on_tablet=&#8221;&#8221; hide_on_mobile=&#8221;&#8221;][\/vc_column][vc_column width=&#8221;2\/3&#8243; icons_position=&#8221;left&#8221;][vc_row_inner][vc_column_inner width=&#8221;2\/3&#8243; icons_position=&#8221;left&#8221;]<div id=\"sc_title_2064413698\"\n\t\tclass=\"sc_title color_style_default sc_title_default\"><h6 class=\"sc_item_subtitle sc_title_subtitle sc_align_left sc_item_title_style_default\">HAVA SEYAHAT\u0130<\/h6><h2 class=\"sc_item_title sc_title_title sc_align_left sc_item_title_style_default\">SESL\u0130 OLARAK D\u0130NLEY\u0130N<\/h2><\/div><!-- \/.sc_title -->[\/vc_column_inner][vc_column_inner width=&#8221;1\/3&#8243; icons_position=&#8221;left&#8221;][\/vc_column_inner][\/vc_row_inner][vc_empty_space height=&#8221;2.25rem&#8221; hide_on_desktop=&#8221;&#8221; hide_on_notebook=&#8221;&#8221; hide_on_tablet=&#8221;&#8221; hide_on_mobile=&#8221;&#8221;][vc_row_inner][vc_column_inner width=&#8221;1\/2&#8243; icons_position=&#8221;left&#8221;]<div id=\"sc_title_2090242499\"\n\t\tclass=\"sc_title color_style_default sc_title_default  vc_custom_1617831601689\"><div class=\"sc_item_descr sc_title_descr sc_align_left\"><p>Kitab\u0131 sesli dinleyerek 1914'te ger\u00e7ekle\u015fen bu zorlu m\u00fccadeleye tan\u0131kl\u0131k edebilirsiniz.<\/p>\n<\/div><div class=\"sc_item_button sc_button_wrap sc_align_left\"><a href=\"https:\/\/havaseyahati.com\/index.php\/sesli-kitap\/\" id=\"sc_button_1335367145\" class=\"sc_button color_style_default sc_button_default sc_item_button sc_item_button_default sc_title_button sc_button_size_normal sc_button_icon_left\"><span class=\"sc_button_text\"><span class=\"sc_button_title\">SESL\u0130 D\u0130NLE<\/span><\/span><!-- \/.sc_button_text --><\/a><!-- \/.sc_button --><\/div><!-- \/.sc_item_button --><\/div><!-- \/.sc_title -->[vc_empty_space height=&#8221;4.1rem&#8221; hide_on_desktop=&#8221;&#8221; hide_on_notebook=&#8221;&#8221; hide_on_tablet=&#8221;&#8221; hide_on_mobile=&#8221;&#8221;][vc_empty_space height=&#8221;30px&#8221; hide_on_desktop=&#8221;1&#8243; hide_on_notebook=&#8221;1&#8243; hide_on_tablet=&#8221;1&#8243; hide_on_mobile=&#8221;&#8221;][\/vc_column_inner][vc_column_inner width=&#8221;1\/2&#8243; icons_position=&#8221;left&#8221;][vc_empty_space height=&#8221;0.3rem&#8221; hide_on_desktop=&#8221;&#8221; hide_on_notebook=&#8221;&#8221; hide_on_tablet=&#8221;&#8221; hide_on_mobile=&#8221;1&#8243;][\/vc_column_inner][\/vc_row_inner][\/vc_column][vc_column width=&#8221;1\/3&#8243; icons_position=&#8221;left&#8221;][vc_empty_space height=&#8221;4.2rem&#8221; hide_on_desktop=&#8221;&#8221; hide_on_notebook=&#8221;&#8221; hide_on_tablet=&#8221;&#8221; hide_on_mobile=&#8221;1&#8243;][\/vc_column][vc_column icons_position=&#8221;left&#8221;][vc_empty_space height=&#8221;5.6rem&#8221; hide_on_desktop=&#8221;&#8221; hide_on_notebook=&#8221;&#8221; hide_on_tablet=&#8221;&#8221; hide_on_mobile=&#8221;&#8221;][vc_empty_space height=&#8221;3.4rem&#8221; hide_on_desktop=&#8221;&#8221; hide_on_notebook=&#8221;&#8221; hide_on_tablet=&#8221;&#8221; hide_on_mobile=&#8221;&#8221;][\/vc_column][\/vc_row][vc_row][vc_column icons_position=&#8221;left&#8221;][\/vc_column][\/vc_row]<\/p>\n","protected":false},"excerpt":{"rendered":"<p>[vc_row full_width=&#8221;stretch_row_content_no_spaces&#8221;][vc_column hide_bg_image_on_tablet=&#8221;&#8221; hide_bg_image_on_mobile=&#8221;&#8221; icons_position=&#8221;left&#8221; css=&#8221;.vc_custom_1523868071853{margin-bottom: -1px !important;}&#8221;][rev_slider_vc alias=&#8221;slider-1&#8243;][\/vc_column][\/vc_row][vc_row full_width=&#8221;stretch_row&#8221; hide_bg_image_on_tablet=&#8221;1&#8243; hide_bg_image_on_mobile=&#8221;1&#8243; css=&#8221;.vc_custom_1616695878379{background: #f2e0c8 url(https:\/\/havaseyahati.com\/wp-content\/uploads\/2021\/03\/arka1-2.jpg?id=1192) !important;background-position: top left !important;background-repeat: no-repeat !important;}&#8221;][vc_column icons_position=&#8221;left&#8221;][vc_empty_space height=&#8221;8.1rem&#8221; hide_on_desktop=&#8221;&#8221; hide_on_notebook=&#8221;&#8221; hide_on_tablet=&#8221;&#8221; hide_on_mobile=&#8221;&#8221;][\/vc_column][vc_column width=&#8221;1\/2&#8243; hide_bg_image_on_tablet=&#8221;&#8221; hide_bg_image_on_mobile=&#8221;&#8221; icons_position=&#8221;left&#8221; css=&#8221;.vc_custom_1521556308493{background-size: cover !important;}&#8221;][vc_single_image image=&#8221;1182&#8243;&hellip;<\/p>\n","protected":false},"author":1,"featured_media":0,"parent":0,"menu_order":0,"comment_status":"closed","ping_status":"closed","template":"","meta":{"footnotes":""},"class_list":["post-367","page","type-page","status-publish","hentry"],"_links":{"self":[{"href":"https:\/\/havaseyahati.com\/index.php\/wp-json\/wp\/v2\/pages\/367","targetHints":{"allow":["GET"]}}],"collection":[{"href":"https:\/\/havaseyahati.com\/index.php\/wp-json\/wp\/v2\/pages"}],"about":[{"href":"https:\/\/havaseyahati.com\/index.php\/wp-json\/wp\/v2\/types\/page"}],"author":[{"embeddable":true,"href":"https:\/\/havaseyahati.com\/index.php\/wp-json\/wp\/v2\/users\/1"}],"replies":[{"embeddable":true,"href":"https:\/\/havaseyahati.com\/index.php\/wp-json\/wp\/v2\/comments?post=367"}],"version-history":[{"count":39,"href":"https:\/\/havaseyahati.com\/index.php\/wp-json\/wp\/v2\/pages\/367\/revisions"}],"predecessor-version":[{"id":1386,"href":"https:\/\/havaseyahati.com\/index.php\/wp-json\/wp\/v2\/pages\/367\/revisions\/1386"}],"wp:attachment":[{"href":"https:\/\/havaseyahati.com\/index.php\/wp-json\/wp\/v2\/media?parent=367"}],"curies":[{"name":"wp","href":"https:\/\/api.w.org\/{rel}","templated":true}]}}